= 2 - 121*q**3 - 123*q**3 + 248*q**3 - 2*q + 0*q - 2*q**2. What is v(2)?
22
Let t = 2 - 2. Suppose t = -2*u - 2*u. Suppose 26 = -a + 5*h, u = 3*a + 2*h - 7. Let c(o) = 3*o. What is c(a)?
-3
Let y = 110 - 108. Let x(j) = j**2 + j - 2*j + 0*j**2 + j**y. What is x(1)?
1
Let i(w) = -3*w**2 + 4*w - 2. Let m(u) = 2*u - 4. Let f be m(3). Suppose -3*s + 8 = 4*j, 0 = -j - s + 3*s + f. Determine i(j).
-6
Let g(l) = -l**2 + 6*l - 5. Suppose 6*x + 155 = -5*w + 4*x, 0 = 3*w - 4*x + 67. Let v = -33 - w. Let d be (-1 - (-1 + -8)) + v. Give g(d).
3
Let c(s) be the second derivative of 5*s - 1/3*s**3 + 0 + s**2. Let l(k) = k - 2. Let f be l(4). Give c(f).
-2
Let r(n) = -2*n**2 - 14*n - 8. Let b = -26 + 20. Let p be r(b). Let d(y) = y**3 - 4*y**2 - 4*y - 3. Give d(p).
-19
Suppose 9*d + 168 = 33*d. Let n(m) = -m**3 + 5*m**2 + 11*m - 6. Determine n(d).
-27
Suppose -2*a = 8*j - 5*j - 15, -3*j = -3*a + 30. Let v(x) = -x**2 + 6*x + 2. Calculate v(a).
-25
Let n(x) = -5*x + 2. Let m be n(-2). Let k = 5 - m. Let w(a) = 5*a - 3. Let q(h) = -6*h + 4. Let v(c) = k*w(c) - 6*q(c). What is v(5)?
2
Let m(y) = -10*y**2 - 2*y - 2. Suppose 2*n + 3*b + 8 = 0, 0 = -n - 5*b - 11 - 0. Give m(n).
-10
Let p(f) = f**2 - 5*f - 2. Let k be (20/3)/(16/24). Suppose -32 = 3*b + k. Let i = b + 20. Determine p(i).
4
Let f(v) = 5*v**3 - 13*v + 39. Let m(p) = -p**3 + 3*p - 10. Suppose 3 = -9*r + 8*r + t, 0 = -5*r + 4*t - 10. Let k(u) = r*f(u) + 9*m(u). What is k(0)?
-12
Let u(n) = -6*n + 24. Let b be u(3). Let w(l) be the first derivative of -l**4/4 + 5*l**3/3 + 2*l**2 + 6*l + 4. Determine w(b).
-6
Let a(q) be the third derivative of 0 + 0*q + 1/24*q**4 + 0*q**3 + 3*q**2. Give a(1).
1
Suppose -3*i + 3*j - 29 = 2*i, -4*i = -3*j + 25. Let d(v) = -v**2 - 5*v - 2. Determine d(i).
2
Let c(z) = -z**3 - z**2 + 2*z - 5. Let r be c(0). Let p(g) = -9*g + 1. Let h(y) = 3 + 2 - 3 - 17*y. Let a(k) = r*p(k) + 3*h(k). Give a(-1).
7
Let q(x) = 2*x**2 - 35*x - 2. Let d(p) = p**2 - 2*p + 2. Let g(v) = -4*d(v) + q(v). Calculate g(-13).
3
Let h(n) = n**3 + n**2 + n. Let s = 11 + -8. Let a(p) = -p - 2*p**3 + 4*p**2 + 5*p**s + 4*p. Let t(g) = a(g) - 4*h(g). Calculate t(2).
-10
Let o(v) = -v**2 + 39*v - 40. Let a(l) = 3*l**2 - 117*l + 121. Let c(r) = -3*a(r) - 8*o(r). Give c(38).
-5
Suppose -3*g + 12 = 2*r - 72, 2*g - r - 63 = 0. Let k(x) = -x**2 + 28*x + 65. Determine k(g).
5
Suppose -2 - 22 = -4*w + 3*v, -2*w - v + 22 = 0. Let s(u) = 10 - 16 + w - u**2. Give s(3).
-6
Let q = 73 + -61. Let m(f) = -f**3 + 13*f**2 - 13*f + 10. Let d be m(q). Let r(a) = -a**2 + 1. What is r(d)?
-3
Let b(q) = -323*q + 1 + 604*q - 309*q. Determine b(1).
-27
Suppose 5 = 5*v, -44*v + 46*v - 20 = -2*h. Let g(b) = b - 8. Calculate g(h).
1
Suppose 0 = 2*r - 0*r. Let u = -65 + 68. Let s(l) = 5*l**3 + 4 - 3*l - 3*l**3 - u*l**3 + 4*l + l**2. Determine s(r).
4
Suppose u + 2 = -2. Let l(n) be the second derivative of n**4/12 + n**3/2 + 2*n**2 - n + 377. Determine l(u).
8
Suppose x = -x + 8. Let a(y) be the first derivative of 2*y + 3/2*y**2 + 1/4*y**4 + 4 - 5/3*y**3. Give a(x).
-2
Suppose -z + 2*z = 2. Let j(s) be the first derivative of 4*s**3/3 - s**2 - s - 64. Determine j(z).
11
Let u be ((-140)/16 - -8)/((-6)/40). Let c(v) = v**2 - 2*v - 13. Give c(u).
2
Let z(w) = -w**2 - 8*w - 4. Suppose -67 = 12*d + 17. Determine z(d).
3
Let r = 15 + -5. Let h(z) be the third derivative of z**6/120 - 3*z**5/20 - 5*z**4/12 - z**3/3 + 59*z**2. What is h(r)?
-2
Suppose 30*c - 28*c = -2. Let q(x) = -17*x**2 + 2*x + 1. Determine q(c).
-18
Let c(j) = -2*j**2 - 5*j + j**2 + 3 + 1 + 2*j**2. Let v be c(3). Let o(r) = 2*r**2 + 2*r - 1. Give o(v).
3
Let j(f) = -f**3 + 3*f**2 + 2*f + 2. Let y(s) = s**3 - 2*s**2 - s - 1. Let x = 19 + -16. Let k be 8 - 12/x*1. Let u(h) = k*j(h) + 5*y(h). Calculate u(-2).
-3
Suppose -20*n + 6 = -114. Let s(w) be the third derivative of 0*w + 0 - 2*w**2 - 1/3*w**3 - 1/120*w**n + 1/15*w**5 - 1/8*w**4. What is s(3)?
-2
Suppose -6*u = r - 3*u - 4, 3*u = 2*r - 8. Let z(j) be the second derivative of j**4/12 - j**3/2 + j**2/2 + 3*j. Calculate z(r).
5
Let j = 14 + -8. Suppose -3 + j = -t. Let b(y) be the first derivative of -y**3/3 - 3*y**2/2 - 4*y + 16. What is b(t)?
-4
Let p(h) = 2*h - 19. Let q be p(-13). Let x be (-30)/q*3/(-2). Let s(c) = 12*c**2 + c + 1. Determine s(x).
12
Let s(c) = -c + 8. Suppose 10 = 12*n - 14*n. Let l be (-10)/n - 3*-3. Suppose 0 = -14*a + l*a. Give s(a).
8
Let i(t) = 4*t**2 - 74*t + 71*t + 0*t**2 - 6*t**2. What is i(-2)?
-2
Let s(b) be the second derivative of 6*b**3 - b**2/2 + 49*b. What is s(1)?
35
Let f(z) be the second derivative of -z**3/6 - 3*z**2 - z + 48. Give f(-3).
-3
Let f(a) = -a**3 + 1. Let r be 126/(-90) + -1 + (-7)/(-5). Let o(v) = -6*v**2 + 8. Let w(z) = r*f(z) + o(z). Let l = 15 + -9. Calculate w(l).
7
Let a(o) = -3*o + 3. Let j = -96 + 99. Determine a(j).
-6
Let y(j) = 2*j**3 - 2*j**2 - j. Let b(m) = -3*m**2 - 26*m - 18. Let p be b(-8). Determine y(p).
-22
Let y = 36 + -33. Suppose 0 = -y*b + 8*b - 25. Let w(x) be the third derivative of -x**4/24 + x**3/6 - 3*x**2. Give w(b).
-4
Let a(w) be the first derivative of w**4/4 - 7*w**3/3 - 5*w**2 + 17*w - 443. What is a(8)?
1
Let s(q) = 2*q - 4 + 3 + q**3 + 8*q**2 + 4*q. Suppose 2*u = t - 9, 33*u + 2*t = 35*u + 4. Determine s(u).
6
Suppose f = -3*v + 14, v - 2 = f - 0. Let h = -19 + 12. Let k(r) = -5*r**2 - 17*r - 15. Let l(d) = 3*d**2 + 9*d + 8. Let g(n) = h*l(n) - 4*k(n). Determine g(v).
8
Suppose -25 = l - 6*l. Let n(j) = 2 + 0 - 4 + 1008*j + 3 - 1010*j. Calculate n(l).
-9
Suppose 3*z - 16 = 7*z, 3*z + 12 = s. Let k(c) = s*c**2 + 2 + 4*c**2 - 3*c**2 + c**2 + 3*c. Let g = -6 - -4. Give k(g).
4
Let i(o) be the first derivative of -5*o**2/2 + 3*o - 77. Give i(3).
-12
Let o(x) = 5*x**3 - 26*x**2 - 23*x - 22. Let m(d) = -2*d**3 + 12*d**2 + 11*d + 10. Let p(i) = -7*m(i) - 3*o(i). Give p(-6).
44
Let r(s) be the third derivative of -s**4/8 - s**3/2 - s**2. Suppose 0 = 10*d - 45 - 5. Suppose -7*y + 2*b = -4*y + 13, -d*b = -10. What is r(y)?
6
Let j(v) = v**2 + v + 1. Let z(g) = -14*g**2 + 3*g - 1894*g**3 + 3*g**2 + 1893*g**3 + 1. Let f(l) = -4*j(l) - z(l). What is f(-8)?
-13
Let l = -3 + 9. Suppose 7*d - 9*d - l = 0. Let w = -2 - d. Let y(p) = 3*p + 1. Give y(w).
4
Let g(p) = -p**3 + 3*p**2 + 5*p - 2. Let r(t) = -t**2 - 9*t - 10. Let j be r(-6). Suppose 3*d = 5*x - j, -33 = -5*d - 13. Give g(x).
2
Let s(b) be the third derivative of -b**5/60 + b**4/3 + 5*b**3/6 - 9*b**2. Determine s(7).
12
Suppose -3*n - 2*f + 16 = 3*f, 2 = -n + 2*f. Let p be -2 + n*(-3)/6. Let i(l) = -7*l + 2. Calculate i(p).
23
Let t(z) be the second derivative of -z**5/20 + 7*z**4/12 - z**3/2 + 2*z**2 - 254*z. What is t(7)?
-17
Let b be (-32)/(-18) - 26/(-117). Suppose 4*i - 2*i - 2*d - 44 = 0, 3*d = -b*i + 34. Let x = i - 17. Let s(r) = -2*r - 3. Calculate s(x).
-9
Let j(y) = -y**2 - 7*y + 4. Let s = -18 - -11. Let k be j(s). Suppose k = 3*f - 2. Let n(x) = -x**3 + 3*x**2 - 2*x - 1. Give n(f).
-1
Let s = 23 + -16. Suppose 3*c = s - 1. Let n be -1*(-5)/c*2. Let z(o) = o**2 - 4*o. Determine z(n).
5
Suppose 4*h + 32 = -0*h. Let f(k) = -5*k**3 - 4*k**2 - 10*k - 15. Let c(b) = b**2 + 3*b + 2*b**3 + 1 + 5 - 1. Let t(s) = h*c(s) - 3*f(s). Calculate t(5).
10
Let t(i) be the third derivative of i**4/24 - 11*i**3/6 - 176*i**2. Determine t(6).
-5
Let v(q) = -q - 211*q**2 - 2*q + 212*q**2 + 1 + 3*q. Calculate v(-2).
5
Let b(x) = -32*x**2 + 16*x + 4. Let a(t) = 65*t**2 - 28*t - 7. Let q(u) = 4*a(u) + 7*b(u). Give q(-1).
36
Let f(p) be the first derivative of -p**3/3 + 3*p**2 - p + 8. Let y(g) = g**2 - 5*g. Let k(z) = -3*f(z) - 2*y(z). Determine k(6).
-9
Let d(h) = -3 - 6*h + 4 - 3 + 3*h. Let r(o) be the third derivative of -o**6/40 + o**5/60 + o**4/24 - o**3/6 + 4*o**2. Let y be r(1). Determine d(y).
4
Let j(c) = c**2 + 1. Let m be j(-1). Let b(z) = 3*z**m - 10*z - 3 - 5*z**2 + 3*z**2 - 2*z**2. Suppose -9*t + 3 = 84. Determine b(t).
6
Let g(m) be the third derivative of m**6/120 - m**5/12 + 5*m**4/24 - m**3/6 - m**2. Suppose -2*o = 7*o - 9. Let l be (-4)/o*(-4 + 3). What is g(l)?
3
Let q(o) be the third derivative of -o**5/15 - o**4/12 + o**3/6 + o**2. Let m = -38 + 55. Let j = m - 16. Determine q(j).
-5
Let l(i) = 4*i - 3. Let b be l(4). Suppose 16 = -4*x - 28. Let p = x + b. Let r(k) = -k**3 + k*